3?
4
What is the tens digit of 7228?
2
What is the units digit of 3193?
3
What is the thousands digit of 1880?
1
What is the ten thousands digit of 15560?
1
What is the thousands digit of 1226?
1
What is the thousands digit of 2109?
2
What is the tens digit of 103791?
9
What is the tens digit of 73?
7
What is the thousands digit of 65176?
5
What is the thousands digit of 45211?
5
What is the units digit of 102577?
7
What is the tens digit of 750?
5
What is the hundreds digit of 1285?
2
What is the thousands digit of 1083?
1
What is the units digit of 44892?
2
What is the ten thousands digit of 11864?
1
What is the tens digit of 73974?
7
What is the ten thousands digit of 18033?
1
What is the hundreds digit of 3811?
8
What is the ten thousands digit of 17902?
1
What is the ten thousands digit of 165115?
6
What is the tens digit of 2018?
1
What is the hundreds digit of 667?
6
What is the units digit of 33662?
2
What is the thousands digit of 34562?
4
What is the hundred thousands digit of 144076?
1
What is the ten thousands digit of 31780?
3
What is the hundreds digit of 1213?
2
What is the units digit of 170766?
6
What is the tens digit of 1314?
1
What is the thousands digit of 3329?
3
What is the units digit of 14795?
5
What is the thousands digit of 12067?
2
What is the hundreds digit of 769?
7
What is the tens digit of 1362?
6
What is the tens digit of 236?
3
What is the ten thousands digit of 77144?
7
What is the thousands digit of 93610?
3
What is the tens digit of 34589?
8
What is the hundreds digit of 1534?
5
What is the tens digit of 2567?
6
What is the hundreds digit of 65674?
6
What is the hundreds digit of 73515?
5
What is the tens digit of 2661?
6
What is the units digit of 1108?
8
What is the hundreds digit of 125249?
2
What is the tens digit of 55450?
5
What is the units digit of 445?
5
What is the tens digit of 89002?
0
What is the hundreds digit of 9858?
8
What is the hundreds digit of 31151?
1
What is the units digit of 2628?
8
What is the hundreds digit of 1029?
0
What is the hundreds digit of 18847?
8
What is the tens digit of 20897?
9
What is the thousands digit of 7263?
7
What is the thousands digit of 1187?
1
What is the units digit of 128922?
2
What is the thousands digit of 8065?
8
What is the units digit of 18?
8
What is the thousands digit of 30997?
0
What is the units digit of 88261?
1
What is the tens digit of 2295?
9
What is the tens digit of 3426?
2
What is the units digit of 837?
7
What is the units digit of 1090?
0
What is the hundreds digit of 79591?
5
What is the units digit of 57328?
8
What is the units digit of 729?
9
What is the thousands digit of 14599?
4
What is the hundreds digit of 812?
8
What is the hundreds digit of 441?
4
What is the thousands digit of 3211?
3
What is the hundreds digit of 1589?
5
What is the ten thousands digit of 34546?
3
What is the hundreds digit of 3116?
1
What is the ten thousands digit of 10809?
1
What is the units digit of 4787?
7
What is the hundreds digit of 42333?
3
What is the units digit of 5224?
4
What is the tens digit of 32793?
9
What is the hundreds digit of 858?
8
What is the units digit of 1113?
3
What is the tens digit of 3639?
3
What is the tens digit of 5835?
3
What is the tens digit of 2744?
4
What is the tens digit of 4173?
7
What is the thousands digit of 1171?
1
What is the ten thousands digit of 32165?
3
What is the tens digit of 64851?
5
What is the units digit of 2888?
8
What is the units digit of 268?
8
What is the units digit of 78417?
7
What is the units digit of 6281?
1
What is the ten thousands digit of 17056?
1
What is the units digit of 43648?
8
What is the units digit of 4377?
7
What is the tens digit of 23070?
7
What is the tens digit of 408?
0
What is the tens digit of 3425?
2
What is the tens digit of 1529?
2
What is the tens digit of 55803?
0
What is the units digit of 12201?
1
What is the hundreds digit of 116719?
7
What is the units digit of 18196?
6
What is the tens digit of 6162?
6
What is the units digit of 159?
9
What is the units digit of 351?
1
What is the tens digit of 740?
4
What is the units digit of 2068?
8
What is the ten thousands digit of 29507?
2
What is the thousands digit of 63732?
3
What is the thousands digit of 3065?
3
What is the units digit of 736?
6
What is the tens digit of 917?
1
What is the thousands digit of 4258?
4
What is the hundreds digit of 27143?
1
What is the hundreds digit of 741?
7
What is the hundred thousands digit of 127893?
1
What is the thousands digit of 1115?
1
What is the units digit of 6637?
7
What is the tens digit of 167?
6
What is the units digit of 4277?
7
What is the hundred thousands digit of 107541?
1
What is the hundreds digit of 875?
8
What is the thousands digit of 7552?
7
What is the tens digit of 5941?
4
What is the tens digit of 2545?
4
What is the hundreds digit of 2086?
0
What is the hundreds digit of 9368?
3
What is the tens digit of 4182?
8
What is the hundred thousands digit of 109729?
1
What is the thousands digit of 70516?
0
What is the tens digit of 32758?
5
What is the ten thousands digit of 119979?
1
What is the hundreds digit of 5663?
6
What is the units digit of 1501?
1
What is the hundreds digit of 5476?
4
What is the tens digit of 732?
3
What is the units digit of 68300?
0
What is the tens digit of 20048?
4
What is the hundreds digit of 98765?
7
What is the thousands digit of 41212?
1
What is the tens digit of 2158?
5
What is the thousands digit of 43047?
3
What is the thousands digit of 93461?
3
What is the hundreds digit of 1520?
5
What is the units digit of 3401?
1
What is the units digit of 1271?
1
What is the ten thousands digit of 45598?
4
What is the units digit of 5767?
7
What is the hundreds digit of 370?
3
What is the hundreds digit of 98256?
2
What is the units digit of 21472?
2
What is the hundreds digit of 3820?
8
What is the hundreds digit of 483?
4
What is the thousands digit of 4090?
4
What is the thousands digit of 24810?
4
What is the tens digit of 6897?
9
What is the thousands digit of 3478?
3
What is the hundreds digit of 6548?
5
What is the thousands digit of 78109?
8
What is the units digit of 2429?
9
What is the hundreds digit of 922?
9
What is the hundreds digit of 3504?
5
What is the tens digit of 109560?
6
What is the tens digit of 1510?
1
What is the tens digit of 7941?
4
What is the units digit of 7504?
4
What is the units digit of 3243?
3
What is the units digit of 22?
2
What is the hundreds digit of 4963?
9
What is the hundreds digit of 389?
3
What is the tens digit of 661?
6
What is the units digit of 3596?
6
What is the hundreds digit of 2923?
9
What is the units digit of 2177?
7
What is the units digit of 35947?
7
What is the units digit of 451?
1
What is the tens digit of 1222?
2
What is the hundreds digit of 9946?
9
What is the hundreds digit of 29443?
4
What is the ten thousands digit of 42487?
4
What is the hundreds digit of 2167?
1
What is the tens digit of 349?
4
What is the hundreds digit of 328?
3
What is the tens digit of 14189?
8
What is the hundreds digit of 2004?
0
What is the ten thousands digit of 32642?
3
What is the thousands digit of 5755?
5
What is the tens digit of 18668?
6
What is the units digit of 19649?
9
What is the tens digit of 1329?
2
What is the hundreds digit of 633?
6
What is the hundreds digit of 83777?
7
What is the ten thousands digit of 40517?
4
What is the ten thousands digit of 26726?
2
What is the thousands digit of 7699?
7
What is the thousands digit of 157519?
7
What is the tens digit of 85719?
1
What is the hundreds digit of 117?
1
What is the units digit of 169?
9
What is the ten thousands digit of 163118?
6
What is the units digit of 2182?
2
What is the units digit of 1995?
5
What is the tens digit of 7464?
6
What is the hundreds digit of 1392?
3
What is the thousands digit of 2266?
2
What is the units digit of 33813?
3
What is the tens digit of 546?
4
What is the hundreds digit of 28729?
7
What is the units digit of 223?
3
What is the thousands digit of 1036?
1
What is the thousands digit of 22214?
2
What is the tens digit of 37206?
0
What is the tens digit of 31847?
4
What is the hundreds digit of 38122?
1
What is the units digit of 1291?
1
What is the ten thousands digit of 73431?
7
What is 